r of h and p?
12
Suppose c = 3*c - 4. Let n be 40 + 162/63*-7. What is the highest common divisor of n and c?
2
Let v = -1102 - -1230. What is the greatest common factor of v and 128?
128
Suppose 2*w - 538 = x + 523, 0 = w - 4*x - 520. Calculate the greatest common factor of w and 19.
19
Let l be (-1)/((-5)/3 + 2). Let y(u) = 5*u**2 - 3*u + 2. Let i be y(l). Suppose -19 = 6*j - 61. What is the greatest common factor of i and j?
7
Suppose 123 + 717 = 10*y. Calculate the highest common factor of 36 and y.
12
Suppose -456 = -t - f - 3*f, 5*t - 2*f - 2390 = 0. What is the highest common divisor of t and 28?
28
Let l(a) = 17*a**2 - 57*a + 378. Let y be l(6). What is the highest common divisor of 96 and y?
24
Let b = 60 + -59. Suppose r - b = 9. Calculate the highest common factor of r and 25.
5
Suppose 5*q = 20, 4*q - 26 = -5*v + 5. Suppose v*p + 42 = 237. Calculate the greatest common divisor of p and 5.
5
Suppose x - 162 = 5*j, -3*x + 787 = 2*x - 2*j. Let k = x + -85. What is the greatest common divisor of k and 18?
18
Let r(a) = -109*a - 23. Let m be r(-2). Calculate the highest common divisor of 156 and m.
39
Suppose -8 = -5*g + f + 2*f, -3*f + 12 = 0. Let v be (-14)/(g/(4*6)). Let q = v - -172. What is the highest common divisor of q and 8?
8
Let j be 21/12 - 1/(-4). Let w be -4*(4 - 26/8). Let v be w + (7/2)/((-4)/(-8)). What is the highest common factor of v and j?
2
Let o(z) = z**3 + 8*z**2 - 8*z + 29. Suppose c - 9*c - 64 = 0. Let x be o(c). What is the highest common divisor of 62 and x?
31
Suppose -1 = -5*l - 11, -2*s - 5*l = 26. Let w be (s/10)/((-1)/20). Suppose -h + 8 = -32. What is the highest common divisor of h and w?
8
Let w(g) = 8*g**2 - 203*g + 71. Let h be w(32). Calculate the highest common factor of h and 19.
19
Suppose 11*w + 175 = 18*w. Suppose k + 2*n - 16 = 0, 73 - w = 3*k + 3*n. What is the greatest common divisor of k and 80?
16
Suppose -5*c - c = -2064. Suppose -16*l + 336 + 352 = 0. What is the highest common divisor of c and l?
43
Suppose -4*l - 27 = -87. Let y = -3569 - -3689. What is the greatest common divisor of y and l?
15
Let f = 45 - 47. Let p be f*5/(-2) + (-7 - -4). Calculate the greatest common divisor of p and 8.
2
Let c(a) = a + 33. Let t be c(0). Let y = -28 + t. What is the greatest common factor of 5 and y?
5
Let d(i) = 15 + 28*i + 8*i**2 + 5*i**2 - 15*i**2 + 0*i**2. Let h be d(12). What is the highest common factor of h and 42?
21
Let k(t) be the second derivative of t**5/20 + t**4/12 + t**3/6 + 29*t**2/2 - 6*t. Let b be k(0). What is the highest common divisor of 29 and b?
29
Let v be (-43246)/(-28) - 2/4. What is the highest common divisor of 8 and v?
8
Let x be 1/((-1683)/(-420) + -4). Calculate the highest common divisor of 20 and x.
20
Let k be 3095/(-15) + 4/(-6). Let a = 115 - k. Let w be a/(-115)*(-20)/1. What is the highest common factor of 8 and w?
8
Let h be (9 - 279/27)/((-20)/495). What is the highest common factor of h and 22?
11
Suppose -4*d = -4*x - 96, 2*d + 46 = -4*x - 50. Let j = x + 66. What is the highest common divisor of 63 and j?
21
Suppose 5*o - 14 = 3*a, 8 = -2*a + 12. What is the greatest common divisor of 212 and o?
4
Suppose 4*f - 20*h + 15*h - 275 = 0, -f + 5*h + 65 = 0. What is the greatest common factor of 1330 and f?
70
Let f = -27 - -41. Let q = -7 - -36. Let i = q - 1. What is the greatest common factor of f and i?
14
Let m(a) = a + 14. Let h be m(0). Let t be (2/((-4)/(-3)))/(h/84). What is the greatest common factor of t and 18?
9
Let g be (469/28 - 3/(-12))/1. What is the greatest common divisor of 3 and g?
1
Let b = 33 - 63. Let q be 45/b*4/(-2). Suppose q*o + 22 - 64 = 0. Calculate the greatest common divisor of 84 and o.
14
Suppose 1995 = -14*r + 35*r. Let a be (-1)/(18/19 - 1). What is the highest common divisor of a and r?
19
Let o(q) = -q + 1. Let f(w) = -10*w - 33. Let g(h) = f(h) - 3*o(h). Let a be g(-6). What is the highest common divisor of a and 4?
2
Let i(t) = -t**2 - 12*t - 17. Let j be i(-7). Calculate the greatest common factor of 918 and j.
18
Suppose 0 = -0*v + v - 2*p - 191, 4*v + 4*p = 788. Suppose 2*l - 68 = -5*h, -4*h = -3*l + 213 - 88. What is the greatest common divisor of v and l?
39
Let w = 45 - 6. Let p = w - 32. Calculate the highest common factor of p and 7.
7
Let j(d) = 3*d**2 - 5*d - 6. Let l be j(-4). Suppose -26*n + 2189 - 127 = -356. Calculate the greatest common divisor of n and l.
31
Suppose 3*j - 269 = 5*p + 30, 4*j - 427 = p. Calculate the highest common divisor of 48 and j.
12
Suppose -111 = 4*i + 4*a + 65, 2*a + 180 = -4*i. Let u = -27 - i. Suppose 0 = -2*j + 3 + u. Calculate the greatest common divisor of j and 11.
11
Let o(w) = 3*w**2 - 5*w - 2. Let u be o(5). Let y be (-10 + 0)/(4/10). Let i be (32/(-5))/(10/y). Calculate the highest common divisor of u and i.
16
Let f(x) = -x**3 + 6*x**2 - 4*x - 2. Let h be f(5). Let g be ((-8)/(-24))/(1/h). Calculate the greatest common divisor of g and 4.
1
Let u be 5*((-96)/(-20) + -4). Let d(t) = t + 22. Let j be d(10). Calculate the greatest common factor of u and j.
4
Let o(l) = -3*l + 82. Let k be o(25). What is the greatest common divisor of 329 and k?
7
Let t(z) = -z**2 + 6*z - 1. Let f be t(5). Suppose -2*p - f*n = -38, -3*p + 0*p + 3*n + 66 = 0. Calculate the highest common factor of 168 and p.
21
Let v = 36 + 236. Suppose 0 = -2*f + 6*f - 4*s - v, 4*f + 4*s = 248. Calculate the greatest common factor of 39 and f.
13
Let d be (-120)/105*35*(-3)/3. What is the highest common factor of d and 1480?
40
Suppose -15 = -5*l - 2*f, 6 = -2*l - 3*f + 1. Suppose -l*n = 8*n - 936. Calculate the highest common divisor of 9 and n.
9
Suppose -1401 = -6*x + 237. Calculate the greatest common factor of 26 and x.
13
Suppose 0 = -s - 5*o + 15, 0 = -3*s - 0*o + 2*o + 11. Let l = -13 - -20. Let y = 3 + l. What is the highest common divisor of s and y?
5
Let w = 1597 - 772. Calculate the greatest common factor of w and 75.
75
Suppose -3*f + 31 + 29 = 0. Suppose 4*w = -m - m + f, 0 = -5*w - 4*m + 25. Calculate the highest common divisor of w and 5.
5
Suppose 3*b = 12 - 0. Suppose -17 = -b*a + 51. Suppose r - 9 = 5*n, -2*n = -5*r - 0*n + 160. Calculate the highest common divisor of a and r.
17
Suppose -2*t - 6*t = 480. Let g = 52 - t. What is the greatest common divisor of g and 14?
14
Let y(x) = x**3 - 17*x**2 - 36*x - 20. Let c be y(19). What is the highest common divisor of 342 and c?
18
Let j(t) = -t - 4. Let w be j(4). Let p = 11 + w. Suppose -p*m + 27 = -6. Calculate the greatest common factor of 33 and m.
11
Let h = -201 - -207. Calculate the highest common divisor of 7 and h.
1
Let v = 571 + -561. What is the greatest common divisor of v and 85?
5
Let h = 652 + -648. What is the highest common divisor of 584 and h?
4
Let p = 0 - -52. Suppose 3*a = 2*l - 23, a - 3*a - p = -5*l. Let u = -5 + l. What is the greatest common divisor of 40 and u?
5
Let c = 54 - 51. Suppose 2*l - 5*v - 89 = 0, 3*v - 2*v = c*l - 153. Calculate the greatest common divisor of l and 39.
13
Suppose 10*q - 7*q - 82 = 4*s, 0 = 5*s + 5. What is the greatest common factor of 13 and q?
13
Let d = 1259 - 1091. Calculate the highest common factor of d and 96.
24
Let u(n) = -n**2 + 9*n - 6. Let l be u(6). Let a(h) = -42*h**2 + 8 + 44*h**2 - 3*h - 1 - 1. Let w be a(-6). Calculate the highest common factor of l and w.
12
Suppose 3*y + 9 = 3*u + 6*y, 5*y + 27 = u. Let q = -7 + u. Let o(p) = p**3 - p**2 + 203. Let a be o(q). What is the greatest common factor of a and 29?
29
Suppose -4*k = 3*z - 727, 2*z = 5*z - 15. Suppose 0 = -4*h + 5*c + 146, -h + 6*h - 4*c - k = 0. Calculate the greatest common factor of h and 85.
17
Suppose 4*v - 20 = -4*u, -5*v + 25 = -2*u - u. Suppose u = -5*z + 246 + 74. Let l(x) = 2*x + 8. Let o be l(0). What is the greatest common divisor of o and z?
8
Let h(d) = -36*d + 79. Let o be h(-25). What is the greatest common divisor of 267 and o?
89
Suppose 100 + 72 = 4*v. Let u = v - -1. Let g = 123 - 57. Calculate the greatest common divisor of g and u.
22
Suppose 5*y - 2*v = -206, 6*y = 2*y + 4*v - 172. Let s = y - -50. Let t = -32 + 72. Calculate the highest common divisor of t and s.
10
Suppose 0 = 50*v - 74*v + 9120. What is the highest common divisor of v and 40?
20
Let l be (-5)/(-5)*-16*(-2)/4. Supp